3*s + 13 + 4 = 0, -4*m = 2*s + i. Let q(p) = p**2 + 1. Give q(m).
5
Let n be (6/(-4))/(3/(-4)). Let p(x) = 8 - 5*x**n - 3*x**2 + 27*x - 32*x - x**3 + 0*x**3. What is p(-7)?
-6
Suppose 0 = -6*v + v. Let i(b) = b**2 - 10*b - 10. Let h be i(11). Let o(g) = 4 - h + 2 - g. Calculate o(v).
5
Let f(u) = -7*u**3 + 2*u**2 + 11*u - 17. Let q(l) = 3*l**3 - l**2 - 5*l + 8. Let s(d) = -4*f(d) - 9*q(d). Determine s(0).
-4
Let w(v) = -10*v**2 - v. Suppose 2 = -o + 4*n - 1, 3*n = -5*o + 8. Suppose 0 = 3*u - 5*f + 7 - 0, 2*f + o = 5*u. What is w(u)?
-11
Let s(a) = -1 + a - 1 + 3. Let g be 1/(0 - (-5)/(-10)). Determine s(g).
-1
Let c(z) = 6*z**2 - 3. Let f(u) be the third derivative of -u**5/60 + u**2. Let s(w) = c(w) + 5*f(w). Give s(-3).
6
Let g(r) = r + 4. Let i be g(-5). Let y(b) = -b**2 + b. Let n(a) = 7 - 3 - 6*a**2 - 5 + a. Let p(l) = -n(l) + 3*y(l). Determine p(i).
2
Let m(s) = 3*s**2 + 2*s - 11. Let z(h) = -5*h**2 - 5*h + 21. Let k(t) = -7*m(t) - 4*z(t). Let a(v) = 2*v + 1. Let j be a(2). Determine k(j).
-2
Let l(s) be the third derivative of 0*s + 1/60*s**5 + 1/3*s**3 + s**2 + 1/6*s**4 + 0. Determine l(-4).
2
Let n(d) = -14*d + 23. Let v(b) be the third derivative of 5*b**4/24 - 4*b**3/3 - 4*b**2. Let c(u) = 6*n(u) + 17*v(u). Give c(5).
7
Let z(h) = 2*h**2 + 4*h + 1. Let d be (-2)/(-4)*(4 + -10). Calculate z(d).
7
Let w(q) be the first derivative of 1 + 4*q + 3/2*q**2. Give w(-4).
-8
Let g(a) = 0*a + 1 - 2 - 3*a - a. Calculate g(2).
-9
Let g be -3 - (3 + -2)*1. Let y(b) = 9*b**3 - 6*b**2 + 12*b + 21. Let c(u) = -5*u**3 + 3*u**2 - 6*u - 11. Let l(p) = -11*c(p) - 6*y(p). What is l(g)?
3
Let o(c) be the first derivative of c**3/3 + 2*c**2 - 4*c + 2. Suppose 0 = -2*x - 3*j + 1 + 12, x - 3*j = -16. Let p be 2*(-10)/(-4)*x. Determine o(p).
1
Let u(w) = -3 + 7*w + 4 - 4*w + 3. Let z be -2 + 0/(-2) + -1. What is u(z)?
-5
Let k be 25/2 + 3/(-6). Suppose k = -4*t + n, -t = -n + 4 + 2. Let s(h) be the second derivative of 2*h**3/3 + h**2/2 + 3*h. Determine s(t).
-7
Let w(n) = 2*n**3 + 13*n**2 - 17*n - 15. Let v(a) = -a**3 - 7*a**2 + 9*a + 8. Let s(u) = -11*v(u) - 6*w(u). Let z = 108 + -111. Give s(z).
11
Let f(a) = a + 3. Let z be -7 + 0/(-4 - -2). Let p be f(z). Let d(u) = u**3 + 4*u**2 - u - 3. Calculate d(p).
1
Let n(s) = -s**2 - 8*s - 10. Let r be n(-5). Let t(g) = -g**2 + 4*g - 4. Give t(r).
-9
Let x(b) be the first derivative of -2*b**2 + 3 + b**3 - 4*b + 1/4*b**4. Give x(-3).
8
Let p(t) = 9*t - 1. Let w be 6/(-3)*(-4 + 5). Calculate p(w).
-19
Let l(p) be the first derivative of -8*p**2 - p - 4. Let a(c) = -3*c. Let r(b) = -11*a(b) + 2*l(b). What is r(0)?
-2
Let v = -4 + 7. Let x = 6 + -4. Let f(y) = -2*y**2 + 6*y**2 - 3*y**3 + 2 + x*y**3 - 2*y. Give f(v).
5
Let c(p) be the third derivative of -p**4/24 + 2*p**3/3 + 17*p**2. Give c(2).
2
Let d = 1 - -1. Let t(z) = -z**2 + 2*z. Let b be t(d). Let c(s) = 2*s + 0*s + s**2 - 3*s + 0*s**2 + 9. Calculate c(b).
9
Let i(d) be the third derivative of 1/24*d**4 + 2*d**2 + 0*d + 0*d**3 + 0. Determine i(5).
5
Suppose 5*i + 1 + 14 = 0. Let x(j) = 4*j. Let n(p) = 9*p. Let t(a) = i*n(a) + 7*x(a). What is t(3)?
3
Let i(t) = t + 3. Let y be 0 + 9 + (-3)/1. Suppose 0 = -0*z - z - y. Calculate i(z).
-3
Suppose -8*j + 3*j = 0. Suppose 0*r - 2*r + 8 = j. Let w(s) = -s**3 + 5*s**2 - 5*s + 2. What is w(r)?
-2
Let j(r) = -r**2 + 5*r - 4. Suppose 0 = 2*n - v - 15, 3*n - 2*v + 6*v + 5 = 0. Let h be 6/9 + (-2)/3. Let z = n - h. Give j(z).
-4
Let n(r) = r**3 - 14*r**2 - r + 12. Let a be n(14). Let p(i) = 5*i + 1. Give p(a).
-9
Let z(i) = i + 1. Suppose 3*o = -5*a - 2 + 20, 4*o + 10 = -a. Let n = -2 + a. Give z(n).
5
Let b(t) = -11 + 11 + 2*t - t. Determine b(3).
3
Let k be (42/(-8))/3*4. Let y = k + 11. Suppose 5*p = y*l - 5*l + 21, -5*l + 5 = 5*p. Let t(n) = -n - 3. Give t(l).
1
Let g(z) be the second derivative of z**3/6 - z**2/2 + 61*z. Give g(-8).
-9
Let c(i) = i**2 + 4*i - 1. Let k be c(-5). Let q(b) = -b - 7. Let v be q(-9). Let y(t) = -v + t - t + t. Give y(k).
2
Let j(x) = -3*x + 4. Let q be j(-5). Let z = q - 15. Let c(f) = 3*f - 4. Determine c(z).
8
Let c(r) = -r**3 - 2*r**2 + 3*r + 1. Let s(f) = f**2 - 12*f - 8. Let u be s(13). Suppose -u*z + 11 = 31, -g + 2*z + 5 = 0. Determine c(g).
1
Let h(i) = 5*i - i + 0*i - 2*i - 13 + 18. Let o = 5 + -10. What is h(o)?
-5
Let m(c) = 7 - 3 + 0*c**2 + c**3 + c**2 - c. Let b = -1 - -3. Suppose -3*y - 6 - 6 = 4*l, 5*l - b*y - 8 = 0. Calculate m(l).
4
Let r(y) be the second derivative of 0 - 1/12*y**4 + y**3 - 7/2*y**2 - 2*y. What is r(5)?
-2
Let h(q) be the second derivative of q**5/2 + q**4/12 + 15*q. Calculate h(-1).
-9
Let x(d) be the third derivative of d**6/120 - d**5/20 - d**4/6 - 2*d**3/3 + 3*d**2. Let w = 9 + -5. What is x(w)?
-4
Let k = 125 - 132. Let j(h) = h + 2. Determine j(k).
-5
Let r(o) = 6*o**2 - o. Let a(w) = w**3 - 4 - 5*w + 5*w**2 + 0*w + 4*w. Let z be a(-5). Calculate r(z).
5
Suppose 2*o - 4*p + 4 = -0, -o = -5*p + 5. Suppose 0*w + 3*w = o. Let c(r) be the first derivative of r**3/3 + 5*r - 1. Calculate c(w).
5
Let b(n) = -n**2 - 9*n + 12. Let m(i) = 4*i**2 + 27*i - 37. Let a(f) = 7*b(f) + 2*m(f). What is a(8)?
2
Suppose 5*m + f = 16, 5*m - 3*f = -0 + 12. Suppose -3 - m = p. Let o(i) = -i**3 - 5*i**2 + 6*i + 8. Calculate o(p).
8
Let o(u) = u. Let v = -24 - -14. Let r be (3 - 10/4)*v. Let c be r - (-4 - (-2)/2). Determine o(c).
-2
Let m = -5 + 10. Let i = m + -4. Let l(r) = 7*r**2 - 2*r + 1. What is l(i)?
6
Let r(m) = -m - 4. Let d(s) = s**3 + 9*s**2 - 11*s - 4. Let u be d(-10). Suppose 0 = a + a - u. Suppose 20 = -2*z - a*z. Determine r(z).
0
Let q = -7 - -11. Let w(k) = -q*k + 3*k - 1 + 2*k + 4. Determine w(-5).
-2
Let d(a) = a + 1. Suppose 0*p - 3 = -3*p. Calculate d(p).
2
Let q(h) be the third derivative of -7/6*h**3 - 3*h**2 + 0*h - 1/12*h**5 - 1/6*h**4 + 1/120*h**6 + 0. Give q(6).
5
Let s(o) = 2*o**2 - 3*o. Let f(c) = -c**3 + 6*c**2 - 6*c + 7. Let g be f(5). Suppose -g*m - 3 = -3*m. What is s(m)?
9
Let f(u) = u**3 + 9*u**2 - 10*u - 1. Let c = -126 + 116. Give f(c).
-1
Let x(h) be the first derivative of -h**4/4 - 2*h**3 + 3*h**2 - 2*h + 2. Give x(-7).
5
Let d(s) = 7*s + 7 + 1 - 9. What is d(-2)?
-15
Let h = -164 + 164. Let s(c) = -c**2 - c - 11. Give s(h).
-11
Let w(a) = -a**3 - 5*a**2 - 3*a + 4. Let r = 2 - -4. Suppose -r*y + 2*y = 12. Determine w(y).
-5
Let i(k) = 20*k - 16*k - 10*k - k**2. Determine i(-5).
5
Let a = 66 + -62. Let i(x) = x - 3. What is i(a)?
1
Let m(y) = -y**2 - y + 3. Let c be m(-3). Let s = c + 1. Let d(h) = -h**3 + h**2 + 4*h + 3. Determine d(s).
7
Let b be (0 + 4)/(0 - 1). Let f = b + 4. Let i(m) = -2*m - 5*m + f*m. Give i(1).
-7
Let o(y) be the first derivative of 0*y**2 + 1/20*y**5 + 1/12*y**4 + 0*y**3 + 1 - 2*y. Let p(g) be the first derivative of o(g). Determine p(0).
0
Let o(w) = 2*w - 11 + 17 - w. Let h(j) = -j - 1. Let v be 2/(-10) - 21/(-5). Let u be h(v). Determine o(u).
1
Suppose a + 2 = 4. Suppose -3*m = -a*m. Let o(k) be the third derivative of k**4/24 + k**3 - 4*k**2. Calculate o(m).
6
Let v(s) = -2*s**3 - 4*s**2 + 2*s + 3. Let b be (123/(-39) - -3) + 37/(-13). Give v(b).
15
Let t(z) = z**2 - z - 1. Let b = -3 + 4. Let a(u) = -6*u**2 + 2*u + 2. Let o(q) = b*t(q) + a(q). Give o(-1).
-5
Let g be (4/10)/(2/(-20)). Let s(o) = 4*o + 6. Calculate s(g).
-10
Let z(u) = u**3 + 8*u**2 + 6*u. Suppose -6*v - 42 = -0*v. What is z(v)?
7
Suppose 3*p - 2*z + 2 = 0, 2*z - 1 = -11. Let k(l) = -14 - 5*l**2 + 2*l**2 + 3*l - l**3 + 13 + 2. Give k(p).
5
Let k be (42/98)/((-2)/(-14)). Let p(j) = -j - 4. Determine p(k).
-7
Suppose -2*o + 125 = 131. Let s(i) = -i**2 - 2*i + 3. Give s(o).
0
Let z(d) = d + 4. Let x(v) = 2*v - 11. Let p be x(6). Let l be (1 - 4)*3 + p. Calculate z(l).
-4
Suppose 5*s - 4*f - 3 = 30, 0 = -3*f + 9. Let l(o) = o**3 - 10*o**2 + 9*o - 3. Calculate l(s).
-3
Let g(r) = -r**2 - 2*r - 4. Let t be (-6)/(-4)*(1 + -3). Calculate g(t).
-7
Suppose -5*o = 24 + 1. Suppose 3*l - n - 22 = -0*l, 0 = 5*n + 20. Let k(i) = 0 + 1 - l - 2*i. Calculate k(o).
5
Let u = -9 + 22. Suppose 4*h + u - 1 = 4*r, -3*r + 1 = -h. Let k(z) = 8*z + 1. What is k(r)?
-7
Let w(t) = 5*t + 2*t**2 - t**3 - 2*t**2 - 5*t**2 + 1. Let v(k) = 2*k**3 + 2*k**2 - 2*k - 2. Let n be v(-2). What is w(n)?
7
Let j(d) = d + 8. Let y be 12/(-8)*8/6. Let z(x) = 6*x + 40. Let c(s